{"id":7819,"date":"2023-10-18T18:08:38","date_gmt":"2023-10-18T17:08:38","guid":{"rendered":"http:\/\/campanella-champagne.fr\/?page_id=7819"},"modified":"2023-10-20T18:14:55","modified_gmt":"2023-10-20T17:14:55","slug":"histoire-de-la-chorale","status":"publish","type":"page","link":"https:\/\/campanella-champagne.fr\/?page_id=7819","title":{"rendered":"Histoire de la chorale"},"content":{"rendered":"\n<p><strong><a href=\"https:\/\/campanella-champagne.fr\/wp-content\/uploads\/2023\/10\/Histoire-des-debuts-de-Campanella.pdf\" data-type=\"URL\" data-id=\"https:\/\/campanella-champagne.fr\/wp-content\/uploads\/2023\/10\/Histoire-des-debuts-de-Campanella.pdf\">Histoire des d\u00e9buts de la chorale<\/a><\/strong><\/p>\n\n\n\n<p><\/p>\n\n\n\n<p><strong><a href=\"https:\/\/campanella-champagne.fr\/wp-content\/uploads\/2023\/10\/2015-06-Interview-Vaison-sur-le-debut-de-la-chorale-Copie1.wav\" data-type=\"URL\" data-id=\"campanella-champagne.fr\/wp-content\/uploads\/2023\/10\/2015-06-Interview-Vaison-sur-le-debut-de-la-chorale-Copie1.wav\">Interview sur les d\u00e9buts de la chorale pendant le WE \u00e0 Vaison, Juin 2015<\/a><\/strong><\/p>\n","protected":false},"excerpt":{"rendered":"<p>Histoire des d\u00e9buts de la chorale Interview sur les d\u00e9buts de la chorale pendant le WE \u00e0 Vaison, Juin 2015<\/p>\n","protected":false},"author":1,"featured_media":0,"parent":0,"menu_order":0,"comment_status":"closed","ping_status":"closed","template":"","meta":{"footnotes":""},"class_list":["post-7819","page","type-page","status-publish","czr-hentry"],"_links":{"self":[{"href":"https:\/\/campanella-champagne.fr\/index.php?rest_route=\/wp\/v2\/pages\/7819","targetHints":{"allow":["GET"]}}],"collection":[{"href":"https:\/\/campanella-champagne.fr\/index.php?rest_route=\/wp\/v2\/pages"}],"about":[{"href":"https:\/\/campanella-champagne.fr\/index.php?rest_route=\/wp\/v2\/types\/page"}],"author":[{"embeddable":true,"href":"https:\/\/campanella-champagne.fr\/index.php?rest_route=\/wp\/v2\/users\/1"}],"replies":[{"embeddable":true,"href":"https:\/\/campanella-champagne.fr\/index.php?rest_route=%2Fwp%2Fv2%2Fcomments&post=7819"}],"version-history":[{"count":6,"href":"https:\/\/campanella-champagne.fr\/index.php?rest_route=\/wp\/v2\/pages\/7819\/revisions"}],"predecessor-version":[{"id":7845,"href":"https:\/\/campanella-champagne.fr\/index.php?rest_route=\/wp\/v2\/pages\/7819\/revisions\/7845"}],"wp:attachment":[{"href":"https:\/\/campanella-champagne.fr\/index.php?rest_route=%2Fwp%2Fv2%2Fmedia&parent=7819"}],"curies":[{"name":"wp","href":"https:\/\/api.w.org\/{rel}","templated":true}]}}