{"id":2437,"date":"2016-03-17T21:23:26","date_gmt":"2016-03-17T20:23:26","guid":{"rendered":"http:\/\/campanella-champagne.fr\/?page_id=2437"},"modified":"2019-10-05T09:02:35","modified_gmt":"2019-10-05T08:02:35","slug":"egle-tal","status":"publish","type":"page","link":"https:\/\/campanella-champagne.fr\/?page_id=2437","title":{"rendered":"Egle tal"},"content":{"rendered":"<p><strong>Cette m\u00e9lodie h\u00e9bra\u00efque, hymne au printemps, d\u00e9peint un tableau bucolique \u00e0 souhait. Les gouttes de ros\u00e9e, les champs de bl\u00e9, la jeune semence qui s&rsquo;\u00e9veille, les nuages&#8230;Tout invite au calme, \u00e0 la douceur&#8230;, un tableau idyllique\u00a0!<\/strong><\/p>\n<p style=\"text-align: right;\"><a href=\"https:\/\/campanella-champagne.fr\/?page_id=3512\">Retour \u00e0 la liste<\/a><\/p>\n","protected":false},"excerpt":{"rendered":"<p>Cette m\u00e9lodie h\u00e9bra\u00efque, hymne au printemps, d\u00e9peint un tableau bucolique \u00e0 souhait. Les gouttes de ros\u00e9e, les champs de bl\u00e9, la jeune semence qui s&rsquo;\u00e9veille, les nuages&#8230;Tout invite au calme, [&hellip;]<\/p>\n","protected":false},"author":5,"featured_media":0,"parent":0,"menu_order":0,"comment_status":"closed","ping_status":"closed","template":"","meta":{"footnotes":""},"class_list":["post-2437","page","type-page","status-publish","czr-hentry"],"_links":{"self":[{"href":"https:\/\/campanella-champagne.fr\/index.php?rest_route=\/wp\/v2\/pages\/2437","targetHints":{"allow":["GET"]}}],"collection":[{"href":"https:\/\/campanella-champagne.fr\/index.php?rest_route=\/wp\/v2\/pages"}],"about":[{"href":"https:\/\/campanella-champagne.fr\/index.php?rest_route=\/wp\/v2\/types\/page"}],"author":[{"embeddable":true,"href":"https:\/\/campanella-champagne.fr\/index.php?rest_route=\/wp\/v2\/users\/5"}],"replies":[{"embeddable":true,"href":"https:\/\/campanella-champagne.fr\/index.php?rest_route=%2Fwp%2Fv2%2Fcomments&post=2437"}],"version-history":[{"count":3,"href":"https:\/\/campanella-champagne.fr\/index.php?rest_route=\/wp\/v2\/pages\/2437\/revisions"}],"predecessor-version":[{"id":5457,"href":"https:\/\/campanella-champagne.fr\/index.php?rest_route=\/wp\/v2\/pages\/2437\/revisions\/5457"}],"wp:attachment":[{"href":"https:\/\/campanella-champagne.fr\/index.php?rest_route=%2Fwp%2Fv2%2Fmedia&parent=2437"}],"curies":[{"name":"wp","href":"https:\/\/api.w.org\/{rel}","templated":true}]}}