{"id":2218,"date":"2016-01-21T15:06:25","date_gmt":"2016-01-21T14:06:25","guid":{"rendered":"http:\/\/campanella-champagne.fr\/?page_id=2218"},"modified":"2019-10-12T17:46:57","modified_gmt":"2019-10-12T16:46:57","slug":"le-corbeau-et-le-renard","status":"publish","type":"page","link":"https:\/\/campanella-champagne.fr\/?page_id=2218","title":{"rendered":"Le corbeau et le renard"},"content":{"rendered":"<p><strong>Cette fable d\u00e9j\u00e0 pr\u00e9sente chez Esope et Ph\u00e8dre (o\u00f9 le morceau de viande chez l&rsquo;un, devient fromage chez l&rsquo;autre) appara\u00eet aussi dans la 4\u00e8me aventure du Roman de Renart. Elle est dans le premier recueil des fables de Jean de la Fontaine, \u00e9dit\u00e9 en 1668. Comme ses pr\u00e9d\u00e9cesseurs, La Fontaine se d\u00e9lecte \u00e0 d\u00e9noncer chez les gens de la soci\u00e9t\u00e9 qu&rsquo;il c\u00f4toie, la flagornerie, la na\u00efvet\u00e9, l&rsquo;imb\u00e9cilit\u00e9. Comme dans toutes ses fables, \u00ab\u00a0 la sagesse est toujours la plus forte\u00a0\u00bb.<\/strong><\/p>\n<p style=\"text-align: right;\"><a href=\"https:\/\/campanella-champagne.fr\/?page_id=3512\"><strong>Retour \u00e0 la liste<\/strong><\/a><\/p>\n","protected":false},"excerpt":{"rendered":"<p>Cette fable d\u00e9j\u00e0 pr\u00e9sente chez Esope et Ph\u00e8dre (o\u00f9 le morceau de viande chez l&rsquo;un, devient fromage chez l&rsquo;autre) appara\u00eet aussi dans la 4\u00e8me aventure du Roman de Renart. Elle [&hellip;]<\/p>\n","protected":false},"author":1,"featured_media":0,"parent":0,"menu_order":0,"comment_status":"closed","ping_status":"closed","template":"","meta":{"footnotes":""},"class_list":["post-2218","page","type-page","status-publish","czr-hentry"],"_links":{"self":[{"href":"https:\/\/campanella-champagne.fr\/index.php?rest_route=\/wp\/v2\/pages\/2218","targetHints":{"allow":["GET"]}}],"collection":[{"href":"https:\/\/campanella-champagne.fr\/index.php?rest_route=\/wp\/v2\/pages"}],"about":[{"href":"https:\/\/campanella-champagne.fr\/index.php?rest_route=\/wp\/v2\/types\/page"}],"author":[{"embeddable":true,"href":"https:\/\/campanella-champagne.fr\/index.php?rest_route=\/wp\/v2\/users\/1"}],"replies":[{"embeddable":true,"href":"https:\/\/campanella-champagne.fr\/index.php?rest_route=%2Fwp%2Fv2%2Fcomments&post=2218"}],"version-history":[{"count":5,"href":"https:\/\/campanella-champagne.fr\/index.php?rest_route=\/wp\/v2\/pages\/2218\/revisions"}],"predecessor-version":[{"id":5525,"href":"https:\/\/campanella-champagne.fr\/index.php?rest_route=\/wp\/v2\/pages\/2218\/revisions\/5525"}],"wp:attachment":[{"href":"https:\/\/campanella-champagne.fr\/index.php?rest_route=%2Fwp%2Fv2%2Fmedia&parent=2218"}],"curies":[{"name":"wp","href":"https:\/\/api.w.org\/{rel}","templated":true}]}}