{"id":2158,"date":"2016-01-11T07:59:51","date_gmt":"2016-01-11T06:59:51","guid":{"rendered":"http:\/\/campanella-champagne.fr\/?page_id=2158"},"modified":"2019-10-11T17:51:01","modified_gmt":"2019-10-11T16:51:01","slug":"hiver-hiver","status":"publish","type":"page","link":"https:\/\/campanella-champagne.fr\/?page_id=2158","title":{"rendered":"Hiver hiver"},"content":{"rendered":"<p><strong>C&rsquo;est un No\u00ebl proven\u00e7al du 18\u00e8me si\u00e8cle. Peut-on aimer l&rsquo;hiver ? Il dure trop longtemps, il est trop cruel, surtout pour les pauvres gens. Mais c&rsquo;est aussi le moment o\u00f9 arrive celui qu&rsquo;on a tant attendu. Alors, vive l&rsquo;hiver, vive No\u00ebl, chantons l&rsquo;enfant\u00a0!<\/strong><\/p>\n<p style=\"text-align: right;\"><a href=\"https:\/\/campanella-champagne.fr\/?page_id=3512\"><strong>Retour \u00e0 la liste<\/strong><\/a><\/p>\n","protected":false},"excerpt":{"rendered":"<p>C&rsquo;est un No\u00ebl proven\u00e7al du 18\u00e8me si\u00e8cle. Peut-on aimer l&rsquo;hiver ? Il dure trop longtemps, il est trop cruel, surtout pour les pauvres gens. Mais c&rsquo;est aussi le moment o\u00f9 [&hellip;]<\/p>\n","protected":false},"author":1,"featured_media":0,"parent":0,"menu_order":0,"comment_status":"closed","ping_status":"closed","template":"","meta":{"footnotes":""},"class_list":["post-2158","page","type-page","status-publish","czr-hentry"],"_links":{"self":[{"href":"https:\/\/campanella-champagne.fr\/index.php?rest_route=\/wp\/v2\/pages\/2158","targetHints":{"allow":["GET"]}}],"collection":[{"href":"https:\/\/campanella-champagne.fr\/index.php?rest_route=\/wp\/v2\/pages"}],"about":[{"href":"https:\/\/campanella-champagne.fr\/index.php?rest_route=\/wp\/v2\/types\/page"}],"author":[{"embeddable":true,"href":"https:\/\/campanella-champagne.fr\/index.php?rest_route=\/wp\/v2\/users\/1"}],"replies":[{"embeddable":true,"href":"https:\/\/campanella-champagne.fr\/index.php?rest_route=%2Fwp%2Fv2%2Fcomments&post=2158"}],"version-history":[{"count":3,"href":"https:\/\/campanella-champagne.fr\/index.php?rest_route=\/wp\/v2\/pages\/2158\/revisions"}],"predecessor-version":[{"id":5517,"href":"https:\/\/campanella-champagne.fr\/index.php?rest_route=\/wp\/v2\/pages\/2158\/revisions\/5517"}],"wp:attachment":[{"href":"https:\/\/campanella-champagne.fr\/index.php?rest_route=%2Fwp%2Fv2%2Fmedia&parent=2158"}],"curies":[{"name":"wp","href":"https:\/\/api.w.org\/{rel}","templated":true}]}}