{"id":1341,"date":"2015-08-18T15:59:22","date_gmt":"2015-08-18T14:59:22","guid":{"rendered":"http:\/\/campanella-champagne.fr\/?page_id=1341"},"modified":"2015-08-18T16:00:26","modified_gmt":"2015-08-18T15:00:26","slug":"les-sabots-dhelene","status":"publish","type":"page","link":"https:\/\/campanella-champagne.fr\/?page_id=1341","title":{"rendered":"Les sabots d&rsquo;H\u00e9l\u00e8ne"},"content":{"rendered":"<p><strong>L&rsquo;h\u00e9ro\u00efne de cette chanson vient de l&rsquo;Aubrac. Ce terme de \u00ab vilaine \u00bb repris inlassablement, d\u00e9signerait peut-\u00eatre, comme H\u00e9l\u00e8ne, une paysanne. Elle est oppos\u00e9e tout au long du texte, aux \u00e9l\u00e9gants capitaines, avec ses sabots crott\u00e9s, ses jupons mit\u00e9s et son c\u0153ur qui ne sait pas chanter. Le conseil de Brassens est le suivant\u00a0:\u00a0\u00ab Ne te fie pas \u00e0 l&rsquo;apparence des choses, ose gratter la surface, tu trouveras des merveilles sans chercher bien loin. Toi qui as besoin d&rsquo;eau, donc d&rsquo;amour pur, tu le trouveras chez H\u00e9l\u00e8ne\u00a0\u00bb. <\/strong><\/p>\n<p style=\"text-align: right;\"><strong><a href=\"https:\/\/campanella-champagne.fr\/?page_id=21\">Retour \u00e0 la liste<\/a><\/strong><\/p>\n","protected":false},"excerpt":{"rendered":"<p>L&rsquo;h\u00e9ro\u00efne de cette chanson vient de l&rsquo;Aubrac. Ce terme de \u00ab vilaine \u00bb repris inlassablement, d\u00e9signerait peut-\u00eatre, comme H\u00e9l\u00e8ne, une paysanne. Elle est oppos\u00e9e tout au long du texte, aux [&hellip;]<\/p>\n","protected":false},"author":5,"featured_media":0,"parent":0,"menu_order":0,"comment_status":"closed","ping_status":"closed","template":"","meta":{"footnotes":""},"class_list":["post-1341","page","type-page","status-publish","czr-hentry"],"_links":{"self":[{"href":"https:\/\/campanella-champagne.fr\/index.php?rest_route=\/wp\/v2\/pages\/1341","targetHints":{"allow":["GET"]}}],"collection":[{"href":"https:\/\/campanella-champagne.fr\/index.php?rest_route=\/wp\/v2\/pages"}],"about":[{"href":"https:\/\/campanella-champagne.fr\/index.php?rest_route=\/wp\/v2\/types\/page"}],"author":[{"embeddable":true,"href":"https:\/\/campanella-champagne.fr\/index.php?rest_route=\/wp\/v2\/users\/5"}],"replies":[{"embeddable":true,"href":"https:\/\/campanella-champagne.fr\/index.php?rest_route=%2Fwp%2Fv2%2Fcomments&post=1341"}],"version-history":[{"count":2,"href":"https:\/\/campanella-champagne.fr\/index.php?rest_route=\/wp\/v2\/pages\/1341\/revisions"}],"predecessor-version":[{"id":1343,"href":"https:\/\/campanella-champagne.fr\/index.php?rest_route=\/wp\/v2\/pages\/1341\/revisions\/1343"}],"wp:attachment":[{"href":"https:\/\/campanella-champagne.fr\/index.php?rest_route=%2Fwp%2Fv2%2Fmedia&parent=1341"}],"curies":[{"name":"wp","href":"https:\/\/api.w.org\/{rel}","templated":true}]}}