{"id":1294,"date":"2015-08-12T16:53:58","date_gmt":"2015-08-12T15:53:58","guid":{"rendered":"http:\/\/campanella-champagne.fr\/?page_id=1294"},"modified":"2019-10-05T09:16:26","modified_gmt":"2019-10-05T08:16:26","slug":"fuentecilla","status":"publish","type":"page","link":"https:\/\/campanella-champagne.fr\/?page_id=1294","title":{"rendered":"Fuentecilla"},"content":{"rendered":"<p style=\"text-align: left;\"><strong>C&rsquo;est une chanson populaire d&rsquo;Andalousie sur une harmonisation d&rsquo;Edouard Ciffre.<\/strong><\/p>\n<p style=\"text-align: left;\"><strong>Quoi de mieux pour bercer un enfant\u00a0?<\/strong><br \/>\n<strong> La fontaine, les oiseaux , les fleurs&#8230; Tout est l\u00e0.<\/strong><\/p>\n<p style=\"text-align: left; padding-left: 60px;\"><strong>\u00ab\u00a0Dodo, Dodelinette; mon J\u00e9sus, fais dodo. B\u00e9ni soit-il.<\/strong><br \/>\n<strong> Sourcelette, toi qui coules si sonore. Rossignol, toi qui pleures ton chant dans ta cage.<\/strong><br \/>\n<strong> Fa\u00eetes silence&#8230;.<\/strong><br \/>\n<strong> Brass\u00e9es de roses et de girofl\u00e9es\u00a0! De quoi r\u00eaves-tu\u00a0? Pourquoi ton sourire\u00a0?<\/strong><br \/>\n<strong> Quel est ton r\u00eave ? \u00d4 dis-moi, mon \u00e2me, quand tu murmures eucharistie\u00a0?\u00bb<\/strong><\/p>\n<p style=\"padding-left: 60px; text-align: right;\"><a href=\"https:\/\/campanella-champagne.fr\/?page_id=3512\"><strong>Retour \u00e0 la liste<\/strong><\/a><\/p>\n","protected":false},"excerpt":{"rendered":"<p>C&rsquo;est une chanson populaire d&rsquo;Andalousie sur une harmonisation d&rsquo;Edouard Ciffre. Quoi de mieux pour bercer un enfant\u00a0? La fontaine, les oiseaux , les fleurs&#8230; Tout est l\u00e0. \u00ab\u00a0Dodo, Dodelinette; mon [&hellip;]<\/p>\n","protected":false},"author":5,"featured_media":0,"parent":0,"menu_order":0,"comment_status":"closed","ping_status":"closed","template":"","meta":{"footnotes":""},"class_list":["post-1294","page","type-page","status-publish","czr-hentry"],"_links":{"self":[{"href":"https:\/\/campanella-champagne.fr\/index.php?rest_route=\/wp\/v2\/pages\/1294","targetHints":{"allow":["GET"]}}],"collection":[{"href":"https:\/\/campanella-champagne.fr\/index.php?rest_route=\/wp\/v2\/pages"}],"about":[{"href":"https:\/\/campanella-champagne.fr\/index.php?rest_route=\/wp\/v2\/types\/page"}],"author":[{"embeddable":true,"href":"https:\/\/campanella-champagne.fr\/index.php?rest_route=\/wp\/v2\/users\/5"}],"replies":[{"embeddable":true,"href":"https:\/\/campanella-champagne.fr\/index.php?rest_route=%2Fwp%2Fv2%2Fcomments&post=1294"}],"version-history":[{"count":4,"href":"https:\/\/campanella-champagne.fr\/index.php?rest_route=\/wp\/v2\/pages\/1294\/revisions"}],"predecessor-version":[{"id":5469,"href":"https:\/\/campanella-champagne.fr\/index.php?rest_route=\/wp\/v2\/pages\/1294\/revisions\/5469"}],"wp:attachment":[{"href":"https:\/\/campanella-champagne.fr\/index.php?rest_route=%2Fwp%2Fv2%2Fmedia&parent=1294"}],"curies":[{"name":"wp","href":"https:\/\/api.w.org\/{rel}","templated":true}]}}