{"id":1275,"date":"2015-08-12T16:07:34","date_gmt":"2015-08-12T15:07:34","guid":{"rendered":"http:\/\/campanella-champagne.fr\/?page_id=1275"},"modified":"2015-08-18T07:36:28","modified_gmt":"2015-08-18T06:36:28","slug":"milost-mira","status":"publish","type":"page","link":"https:\/\/campanella-champagne.fr\/?page_id=1275","title":{"rendered":"Milost Mira"},"content":{"rendered":"<p><strong>Cet extrait de la Liturgie selon St-Jean Chrysostome entre dans\u00a0la c\u00e9l\u00e9bration de la liturgie orthodoxe russe. Le fid\u00e8le qui assiste \u00e0 ces \u00e9v\u00e8nements mystiques se sent transport\u00e9 dans un autre monde. L\u2019auditeur n&rsquo;\u00e9chappe pas \u00e0 l&rsquo;appel de la pri\u00e8re et de la m\u00e9ditation qui se d\u00e9gagent\u00a0ce chant.<\/strong><br \/>\n<strong> \u00ab\u00a0Toute la terre te dit merci et te loue&#8230;. Il est juste de s&rsquo;incliner devant le P\u00e8re, le Fils et l&rsquo;Esprit&#8230;\u00a0\u00bb<\/strong><\/p>\n<p style=\"text-align: right;\"><strong><a href=\"https:\/\/campanella-champagne.fr\/?page_id=21\">Retour \u00e0 la liste<\/a><\/strong><\/p>\n<p>&nbsp;<\/p>\n","protected":false},"excerpt":{"rendered":"<p>Cet extrait de la Liturgie selon St-Jean Chrysostome entre dans\u00a0la c\u00e9l\u00e9bration de la liturgie orthodoxe russe. Le fid\u00e8le qui assiste \u00e0 ces \u00e9v\u00e8nements mystiques se sent transport\u00e9 dans un autre [&hellip;]<\/p>\n","protected":false},"author":5,"featured_media":0,"parent":0,"menu_order":0,"comment_status":"closed","ping_status":"closed","template":"","meta":{"footnotes":""},"class_list":["post-1275","page","type-page","status-publish","czr-hentry"],"_links":{"self":[{"href":"https:\/\/campanella-champagne.fr\/index.php?rest_route=\/wp\/v2\/pages\/1275","targetHints":{"allow":["GET"]}}],"collection":[{"href":"https:\/\/campanella-champagne.fr\/index.php?rest_route=\/wp\/v2\/pages"}],"about":[{"href":"https:\/\/campanella-champagne.fr\/index.php?rest_route=\/wp\/v2\/types\/page"}],"author":[{"embeddable":true,"href":"https:\/\/campanella-champagne.fr\/index.php?rest_route=\/wp\/v2\/users\/5"}],"replies":[{"embeddable":true,"href":"https:\/\/campanella-champagne.fr\/index.php?rest_route=%2Fwp%2Fv2%2Fcomments&post=1275"}],"version-history":[{"count":2,"href":"https:\/\/campanella-champagne.fr\/index.php?rest_route=\/wp\/v2\/pages\/1275\/revisions"}],"predecessor-version":[{"id":1327,"href":"https:\/\/campanella-champagne.fr\/index.php?rest_route=\/wp\/v2\/pages\/1275\/revisions\/1327"}],"wp:attachment":[{"href":"https:\/\/campanella-champagne.fr\/index.php?rest_route=%2Fwp%2Fv2%2Fmedia&parent=1275"}],"curies":[{"name":"wp","href":"https:\/\/api.w.org\/{rel}","templated":true}]}}