{"id":1050,"date":"2015-07-01T14:40:04","date_gmt":"2015-07-01T13:40:04","guid":{"rendered":"http:\/\/campanella-champagne.fr\/?page_id=1050"},"modified":"2019-10-12T17:39:20","modified_gmt":"2019-10-12T16:39:20","slug":"jubilemus-2","status":"publish","type":"page","link":"https:\/\/campanella-champagne.fr\/?page_id=1050","title":{"rendered":"Jubilemus"},"content":{"rendered":"<h4>Fran\u00e7ois COUPERIN est le plus illustre d&rsquo;une longue lign\u00e9e de musiciens. Il est le ma\u00eetre du clavecin en France au XIII\u00e8me si\u00e8cle. Son \u0153uvre comprend de nombreuses pi\u00e8ces instrumentales et vocales \u00e0 destination profane ou religieuse.\u00a0\u00ab\u00a0Jubilemus exultemus\u00a0\u00bb est une sorte d&rsquo;incantation \u00e0 la joie :\u00a0\u00ab\u00a0Exultez\u00a0! Fa\u00eetes r\u00e9sonner vos chants\u00a0! Applaudissez\u00a0!\u00a0\u00bb<\/h4>\n<p style=\"text-align: right;\"><a href=\"https:\/\/campanella-champagne.fr\/?page_id=3512\"><strong>Retour \u00e0 la liste<\/strong><\/a><\/p>\n","protected":false},"excerpt":{"rendered":"<p>Fran\u00e7ois COUPERIN est le plus illustre d&rsquo;une longue lign\u00e9e de musiciens. Il est le ma\u00eetre du clavecin en France au XIII\u00e8me si\u00e8cle. Son \u0153uvre comprend de nombreuses pi\u00e8ces instrumentales et [&hellip;]<\/p>\n","protected":false},"author":5,"featured_media":0,"parent":0,"menu_order":0,"comment_status":"closed","ping_status":"closed","template":"","meta":{"footnotes":""},"class_list":["post-1050","page","type-page","status-publish","czr-hentry"],"_links":{"self":[{"href":"https:\/\/campanella-champagne.fr\/index.php?rest_route=\/wp\/v2\/pages\/1050","targetHints":{"allow":["GET"]}}],"collection":[{"href":"https:\/\/campanella-champagne.fr\/index.php?rest_route=\/wp\/v2\/pages"}],"about":[{"href":"https:\/\/campanella-champagne.fr\/index.php?rest_route=\/wp\/v2\/types\/page"}],"author":[{"embeddable":true,"href":"https:\/\/campanella-champagne.fr\/index.php?rest_route=\/wp\/v2\/users\/5"}],"replies":[{"embeddable":true,"href":"https:\/\/campanella-champagne.fr\/index.php?rest_route=%2Fwp%2Fv2%2Fcomments&post=1050"}],"version-history":[{"count":4,"href":"https:\/\/campanella-champagne.fr\/index.php?rest_route=\/wp\/v2\/pages\/1050\/revisions"}],"predecessor-version":[{"id":5520,"href":"https:\/\/campanella-champagne.fr\/index.php?rest_route=\/wp\/v2\/pages\/1050\/revisions\/5520"}],"wp:attachment":[{"href":"https:\/\/campanella-champagne.fr\/index.php?rest_route=%2Fwp%2Fv2%2Fmedia&parent=1050"}],"curies":[{"name":"wp","href":"https:\/\/api.w.org\/{rel}","templated":true}]}}