{"id":1083,"date":"2015-07-26T20:46:34","date_gmt":"2015-07-26T19:46:34","guid":{"rendered":"http:\/\/campanella-champagne.fr\/wp-content\/uploads\/2015\/07\/Fontaine-de-S\u00e9guret.jpg"},"modified":"2015-07-26T20:52:27","modified_gmt":"2015-07-26T19:52:27","slug":"une-fontaine-assiegee-a-seguret","status":"inherit","type":"attachment","link":"https:\/\/campanella-champagne.fr\/?attachment_id=1083","title":{"rendered":"Une fontaine assi\u00e9g\u00e9e \u00e0 S\u00e9guret"},"author":4,"featured_media":0,"comment_status":"closed","ping_status":"closed","template":"","meta":[],"class_list":["post-1083","attachment","type-attachment","status-inherit","czr-hentry"],"description":{"rendered":"<p class=\"attachment\"><a class=\"grouped_elements\" rel=\"tc-fancybox-group\" href=\"https:\/\/campanella-champagne.fr\/wp-content\/uploads\/2015\/07\/Fontaine-de-S\u00e9guret.jpg\" title=\"Une fontaine assi\u00e9g\u00e9e \u00e0 S\u00e9guret\"><img loading=\"lazy\" decoding=\"async\" width=\"300\" height=\"225\" src=\"https:\/\/campanella-champagne.fr\/wp-content\/uploads\/2015\/07\/Fontaine-de-S\u00e9guret-300x225.jpg\" class=\"attachment-medium size-medium no-lazy\" alt=\"\" srcset=\"https:\/\/campanella-champagne.fr\/wp-content\/uploads\/2015\/07\/Fontaine-de-S\u00e9guret-300x225.jpg 300w, https:\/\/campanella-champagne.fr\/wp-content\/uploads\/2015\/07\/Fontaine-de-S\u00e9guret.jpg 554w\" sizes=\"auto, (max-width: 300px) 100vw, 300px\" \/><\/a><\/p>\n"},"caption":{"rendered":"<p>Une fontaine assi\u00e9g\u00e9e \u00e0 S\u00e9guret<\/p>\n"},"alt_text":"","media_type":"image","mime_type":"image\/jpeg","media_details":{"width":554,"height":415,"file":"2015\/07\/Fontaine-de-S\u00e9guret.jpg","sizes":{"thumbnail":{"file":"Fontaine-de-S\u00e9guret-150x150.jpg","width":150,"height":150,"mime_type":"image\/jpeg","source_url":"https:\/\/campanella-champagne.fr\/wp-content\/uploads\/2015\/07\/Fontaine-de-S\u00e9guret-150x150.jpg"},"medium":{"file":"Fontaine-de-S\u00e9guret-300x225.jpg","width":300,"height":225,"mime_type":"image\/jpeg","source_url":"https:\/\/campanella-champagne.fr\/wp-content\/uploads\/2015\/07\/Fontaine-de-S\u00e9guret-300x225.jpg"},"tc_rectangular_size":{"file":"Fontaine-de-S\u00e9guret-554x250.jpg","width":554,"height":250,"mime_type":"image\/jpeg","source_url":"https:\/\/campanella-champagne.fr\/wp-content\/uploads\/2015\/07\/Fontaine-de-S\u00e9guret-554x250.jpg"},"tc-grid-full":{"file":"Fontaine-de-S\u00e9guret-554x350.jpg","width":554,"height":350,"mime_type":"image\/jpeg","source_url":"https:\/\/campanella-champagne.fr\/wp-content\/uploads\/2015\/07\/Fontaine-de-S\u00e9guret-554x350.jpg"},"tc-grid":{"file":"Fontaine-de-S\u00e9guret-554x350.jpg","width":554,"height":350,"mime_type":"image\/jpeg","source_url":"https:\/\/campanella-champagne.fr\/wp-content\/uploads\/2015\/07\/Fontaine-de-S\u00e9guret-554x350.jpg"},"tc-thumb":{"file":"Fontaine-de-S\u00e9guret-270x250.jpg","width":270,"height":250,"mime_type":"image\/jpeg","source_url":"https:\/\/campanella-champagne.fr\/wp-content\/uploads\/2015\/07\/Fontaine-de-S\u00e9guret-270x250.jpg"},"full":{"file":"Fontaine-de-S\u00e9guret.jpg","width":554,"height":415,"mime_type":"image\/jpeg","source_url":"https:\/\/campanella-champagne.fr\/wp-content\/uploads\/2015\/07\/Fontaine-de-S\u00e9guret.jpg"}},"image_meta":{"aperture":8,"credit":"","camera":"VG160,X990,D745","caption":"Une fontaine assi\u00e9g\u00e9e \u00e0 S\u00e9guret","created_timestamp":1433606796,"copyright":"","focal_length":"4.7","iso":"80","shutter_speed":"0.00625","title":"Une fontaine assi\u00e9g\u00e9e \u00e0 S\u00e9guret","orientation":1}},"post":null,"source_url":"https:\/\/campanella-champagne.fr\/wp-content\/uploads\/2015\/07\/Fontaine-de-S\u00e9guret.jpg","_links":{"self":[{"href":"https:\/\/campanella-champagne.fr\/index.php?rest_route=\/wp\/v2\/media\/1083","targetHints":{"allow":["GET"]}}],"collection":[{"href":"https:\/\/campanella-champagne.fr\/index.php?rest_route=\/wp\/v2\/media"}],"about":[{"href":"https:\/\/campanella-champagne.fr\/index.php?rest_route=\/wp\/v2\/types\/attachment"}],"author":[{"embeddable":true,"href":"https:\/\/campanella-champagne.fr\/index.php?rest_route=\/wp\/v2\/users\/4"}],"replies":[{"embeddable":true,"href":"https:\/\/campanella-champagne.fr\/index.php?rest_route=%2Fwp%2Fv2%2Fcomments&post=1083"}]}}

http://campanella-champagne.fr/wp-content/uploads/2015/07/Fontaine-de-Séguret.jpg

Une fontaine assiégée à Séguret

<p class="attachment"><a class="grouped_elements" rel="tc-fancybox-group" href="https://campanella-champagne.fr/wp-content/uploads/2015/07/Fontaine-de-Séguret.jpg" title="Une fontaine assiégée à Séguret"><img loading="lazy" decoding="async" width="300" height="225" src="https://campanella-champagne.fr/wp-content/uploads/2015/07/Fontaine-de-Séguret-300x225.jpg" class="attachment-medium size-medium no-lazy" alt="" srcset="https://campanella-champagne.fr/wp-content/uploads/2015/07/Fontaine-de-Séguret-300x225.jpg 300w, https://campanella-champagne.fr/wp-content/uploads/2015/07/Fontaine-de-Séguret.jpg 554w" sizes="auto, (max-width: 300px) 100vw, 300px" /></a></p>

<p>Une fontaine assiégée à Séguret</p>

2015/07/Fontaine-de-Séguret.jpg

Fontaine-de-Séguret-150x150.jpg

https://campanella-champagne.fr/wp-content/uploads/2015/07/Fontaine-de-Séguret-150x150.jpg

Fontaine-de-Séguret-300x225.jpg

https://campanella-champagne.fr/wp-content/uploads/2015/07/Fontaine-de-Séguret-300x225.jpg

Fontaine-de-Séguret-554x250.jpg

https://campanella-champagne.fr/wp-content/uploads/2015/07/Fontaine-de-Séguret-554x250.jpg

Fontaine-de-Séguret-554x350.jpg

https://campanella-champagne.fr/wp-content/uploads/2015/07/Fontaine-de-Séguret-554x350.jpg

Fontaine-de-Séguret-270x250.jpg

https://campanella-champagne.fr/wp-content/uploads/2015/07/Fontaine-de-Séguret-270x250.jpg

Fontaine-de-Séguret.jpg

https://campanella-champagne.fr/wp-content/uploads/2015/07/Fontaine-de-Séguret.jpg
